*n = -18. Is 503 - 0/(z - -4) a prime number?
True
Suppose 4*n + 16455 = 5*k, -4*k + 5*n - 2*n + 13164 = 0. Is k composite?
True
Let m = -39 - -27. Is (-758)/(-3) + (-4)/m prime?
False
Suppose 2107 = 3*c - 1088. Let m = 2290 - c. Suppose -5*u - m + 3560 = 0. Is u composite?
False
Let b(s) = s**3 - 10*s**2 - 7*s + 3. Let g be b(11). Suppose -7*j + g + 576 = 0. Is j a composite number?
False
Let i = 12 - 5. Let m(l) be the first derivative of 5*l**2/2 + 2*l - 4. Is m(i) composite?
False
Let k(a) = 105*a**2 + 4*a - 9. Is k(2) composite?
False
Let t(i) = 5*i**2 + 13*i + 98. Is t(-12) composite?
True
Suppose 7817 = 13*a - 41414. Is a composite?
True
Suppose 5*a + 246 = 46. Let c = 1289 + a. Is c composite?
False
Suppose 26595 = 4*o + 8623. Is o prime?
True
Suppose 0 = -2*q + u - 1, 3*u + 3 = -3*q + 15. Is (q/(-3))/(8/(-47112)) a prime number?
False
Let s be 1 + 4/((-16)/4). Suppose 4*d + 8 = s, 5*t - 220 + 2 = 4*d. Suppose -t = -a + 37. Is a composite?
False
Let l = -19 - -19. Is ((l - 4) + 815)/1 a prime number?
True
Let f(g) = 2*g**2 + 1. Let x be f(-1). Let i(p) = 3*p**2 + p - 30*p**3 + 4*p + 6 - x*p - 2. Is i(-3) composite?
True
Suppose 0 = -2*d + 6 + 4, 0 = 4*q - d - 5883. Let f = 4491 - q. Is f composite?
False
Let f be ((-7)/(-3) + -2)*-1119. Is -5 + 8 - (-1 + f) a composite number?
True
Let o = -12 - -14. Let q be o + (-9)/(0 - 3). Suppose m - 2*m + q*g = -63, 3*m - 265 = -4*g. Is m prime?
True
Suppose 5*m + 188 = 4*h, 4*h + 6*m - 220 = 3*m. Suppose 4*v - 208 = -h. Is v prime?
False
Is ((-18295)/(-15))/(15/(-18))*-5 prime?
False
Let r = -10 + 14. Suppose -r*j + 50 = -10. Suppose -j - 12 = -2*s - 3*c, 5*s - 78 = 3*c. Is s composite?
True
Let w(v) be the first derivative of 3 - v + v**2 + 19/3*v**3. Is w(-2) a composite number?
False
Suppose l + 3*z - 5*z + 214 = 0, 3*z = -9. Let k = l - -737. Is k a prime number?
False
Suppose 2*p = -0*k + 3*k - 69871, 0 = k - 3*p - 23288. Is k composite?
False
Suppose -2*x - s + 5024 = 0, 5*s = -x + 2912 - 409. Is x a prime number?
False
Let c(j) = 2*j**2 + 1. Let i be c(1). Suppose -5 = -5*z + p - 3, -p = i*z + 2. Let m(g) = -g**3 - g**2 - g + 31. Is m(z) composite?
False
Let l = -210213 - -312158. Is l prime?
False
Suppose o - 11736 = 2*s - 3023, -3*s = -4*o + 34847. Is o composite?
True
Let z = 6259 - 4001. Is z prime?
False
Let j = -1030 - -615. Let l = j + 180. Let s = 138 - l. Is s composite?
False
Let g = -6407 - -11950. Is g prime?
False
Let s(y) = -6*y**3 + 16*y**3 - 11*y**3 - 3*y**2 + 1 - y. Let p be s(-6). Suppose -2*f - 2*w + 32 + 80 = 0, w - p = -2*f. Is f a prime number?
True
Suppose 209 = j - 3*x, -836 = -4*j + 5*x - 6*x. Is j prime?
False
Suppose -11 = -4*m + 1, -3*x + 15 = 5*m. Let g be (-3 - 1)*110/(-4). Suppose x = -j - j + g. Is j a prime number?
False
Suppose s - 14 = -53. Let v be s/(-3) - -3 - 4. Is (-2 - -4)*762/v a prime number?
True
Let x = -5016 - -8896. Suppose d - 1935 = -d - w, 0 = 4*d + 4*w - x. Is d a prime number?
False
Let z = 3 + 5. Suppose z - 3 = -p. Let s(m) = 33*m**2 - 3*m - 5. Is s(p) a composite number?
True
Let z(a) = a. Let x be z(2). Is ((-7)/x)/((-13)/2522) composite?
True
Let f = -8 - -13. Suppose -2*n + 54 = -f*r, -n + 3*r - 8 = -34. Suppose -63 = -5*b + n. Is b a prime number?
True
Let p be ((-2)/3)/(((-1)/(-18))/1). Is (32/p - -2)*(-2019)/2 prime?
True
Let k(n) = n - 2. Let a be k(5). Suppose 4*s = -s - 4*x + 257, 2*x = a*s - 163. Is s composite?
False
Let k(v) = -126*v**2 + 9*v + 10. Let q be k(-6). Let p = -3263 - q. Is p prime?
False
Suppose 2*k = -3*y + 27869, -2*k + 59 = 51. Is y a prime number?
False
Let i = -110159 + 155045. Suppose 19*r - i = -3865. Is r a composite number?
True
Let x(u) = -u - 1. Let s be x(-1). Suppose -3*j + 9 = -s*j. Let g(d) = 39*d - 4. Is g(j) prime?
True
Let d(c) = -2*c + 9. Let k be d(8). Let p = k - -7. Suppose p = -5*x + 779 - 144. Is x a composite number?
False
Let c(d) = 0*d + 8*d + 9 + 2*d**2 + 4*d**2 - 4*d**2. Let t be c(-7). Let o = 140 - t. Is o prime?
True
Let d = 1135 - 14. Is d composite?
True
Let v be (-1)/(1/((-8)/2)). Suppose -3*z + 2*d = v*d - 157, z = -3*d + 50. Is z prime?
True
Let f(x) = -2*x**2 - 16*x + 2. Let a be f(-8). Suppose 3*c - 799 = y + 666, -a*y - 974 = -2*c. Is c a prime number?
False
Suppose -10*c + 4197 = -7*c. Is c prime?
True
Let t(r) = -3*r**3 + 206*r**2 - 53*r - 151. Is t(67) a prime number?
True
Suppose -4*c - 3*d = d - 16, 12 = 3*c - 2*d. Suppose c*n = 3027 + 2009. Is n a composite number?
False
Let v(s) = -39*s**3 + 2*s**2 + s - 7. Suppose 5*x = -2*l - 6, 5*l - 2*x - 12 = 9*l. Is v(l) a prime number?
True
Let q(b) = -5*b - 1. Suppose -4*w = -5*h + 66, 4*h + 3*w - 24 = -w. Let i = 6 - h. Is q(i) prime?
True
Let h(f) = -30*f + 10. Let j be h(4). Let o = -63 - j. Is o a composite number?
False
Suppose 0 = 30*h - 22*h - 255544. Is h a prime number?
False
Let h = -8 + 17. Let w be (-4216)/(-12) + (-3)/h. Suppose -3*p = -5*a + 1643, -a + 2*p = 7*p - w. Is a a prime number?
True
Let t be 2/(-6)*(3 - 4524). Let x = t + -36. Is x prime?
True
Let f be 11/(-13) - (-3)/(-117)*6. Is 557 - 0/(-1 + f) - 0 a composite number?
False
Let o = -109 + 55. Let c = 92 + o. Is 10*5/20*c composite?
True
Suppose 14 = 5*i - 4*i. Let s(h) = h + 4. Let a be s(0). Is (-7)/(i/a) - -399 composite?
False
Let m(k) = -2*k**3 + 5*k**2 - 16*k - 186. Is m(-17) a composite number?
True
Suppose 4*p + 3*c - 124 = -c, p - 4*c - 6 = 0. Suppose 0 = 4*b - 5*h - 45, 3*b + 4*h - 2 = -7. Is 63/b + p/65 a prime number?
True
Is 3/2 - 2515/20*-58 prime?
False
Let o = -19 + 24. Suppose -4722 = -o*t - t. Is t a composite number?
False
Suppose -4*f = -v - 7, -v + 3*v = -5*f - 14. Let a(d) = 4*d**2 - 10*d + 3. Is a(v) a composite number?
False
Let r = -3 - -7. Let n be (1/1)/(r - 3). Is -3 - (50*n)/(-1) a composite number?
False
Suppose -7*r + 324 + 68 = 0. Suppose -4*t + 1111 = -3*p, r - 594 = -2*t - 2*p. Is t composite?
True
Is (-37 + 36)*(-1 + -8658) composite?
True
Let l = 2 + -10. Let w be (0 + 1)*(-12760)/l. Suppose -4*v = v - w. Is v prime?
False
Suppose -504 - 1688 = -2*w. Let f = 1935 - w. Is f prime?
True
Suppose -o = -d + 1023 + 739, -2*d + o + 3526 = 0. Suppose 2*p - d = -2*n, 4*n + 0*n + p - 3513 = 0. Is n a composite number?
False
Is (-134311)/38*1*-2 prime?
True
Suppose -d - 24160 = -c, 0 = 2*c + d - 45256 - 3073. Is c prime?
False
Let x(k) = k - 19. Let q(g) = -1. Let y(p) = 6*q(p) - x(p). Let b be y(11). Suppose 6 = b*r, -3*z - r = 2*z - 798. Is z prime?
False
Let y = -74 + 74. Is 879/6*2/(y + 1) a prime number?
True
Let n(o) = 4*o**2 + 22*o + 17. Let b(i) = -5*i**2 - 21*i - 17. Let j(g) = -6*b(g) - 5*n(g). Is j(-7) prime?
False
Suppose -61*x + 8*x = -415573. Is x a composite number?
False
Let d be 45 - (-6 + 3)/1. Suppose -d = -4*j + 92. Is j composite?
True
Let p be 0 + 0 - (2 + 1). Let l be 6 - (0 + (p - -4)). Let x(s) = 9*s - 8. Is x(l) prime?
True
Suppose -14*u + 11824 + 33298 = 0. Is u prime?
False
Suppose -2*l = 12 - 18. Let s be 3 - (1 - l - -3). Is (s/3)/(30/28575) composite?
True
Is 11/((-110)/90) - -10298 a prime number?
True
Let v = 11 + 0. Let n(a) = 169 - 2*a**2 + 4*a**2 - 14*a - 168. Is n(v) a prime number?
True
Let p(o) = -235*o - 101. Is p(-16) composite?
False
Let t(c) = -150*c - 9. Let v(d) = 299*d + 17. Let q(a) = -7*t(a) - 3*v(a). Let g be q(3). Let w = g - 322. Is w prime?
True
Let m = -4 - -7. Suppose -m*d + 8 = -d. Suppose 2*c + 640 = d*s - 538, s - 2*c - 299 = 0. Is s a composite number?
False
Let r(t) = -t**3 + 6*t**2 + t - 4. Let b be r(6). Is (b/1)/(-2)*(-25396)/28 prime?
True
Suppose 7*a = 3*a. Suppose 218 = k + m, 0 = -2*k + 5*m - a*m + 457. Suppose -k = -0*o - o. Is o a composite number?
True
Let c = 13689 - -1738. Is c a prime number?
True
Let o(w) = -3*w - 2. Let m be o(-2). Let n(f) = f**2 - 4*f + 6. Is n(m) a composite number?
True
Let r(x) = x**2 + 9*x - 7. Let f be r(-10). Suppose f*k - 2317 = -4*k. Is k a prime number?
True
Let l(j) = 10*j**2 + 2*j + 3. Let q(t) = -2*t - 1. Let k be q(3). Is l(k) composite?
False
Let l = -6303 + 13552. Is l prime?
False
Let l(y) = 1408*y + 5. Is l(5) prime?
False
Suppose -18*s = -8*s - 50. Suppose 4*t = 2*t - s*v + 407, 5*v - 1040 = -5*t. Is t prime?
True
Is -8 + (1/(-2) - 2464029/(-86)) prime?
True
Let n be -6*3/(-12)*2. Suppose -4*l = x - 16, x - 1